 the greatest common factor of 2756 and p.
212
Let y(u) = -u - 3. Let n be y(-5). Let b(f) = n*f**2 - f**2 + 3*f**2 + f**3 + 35 - 26. Let i be b(-4). Calculate the greatest common factor of i and 81.
9
Let j(v) = -v**3 - v**2 - v + 23. Let o be j(0). Let s = 200 - 197. Suppose 2*u - 42 = -m, -30 + 115 = s*u - 4*m. What is the greatest common factor of o and u?
23
Let c be (246/30)/(20/3300). Calculate the greatest common factor of c and 66.
33
Let a be 66*((-3)/(-1) - 554*(-7)/28). Calculate the highest common factor of 66 and a.
33
Suppose 61544 = 61*a - 33006. Calculate the highest common divisor of a and 25.
25
Let y = 6580 - 3448. Calculate the greatest common divisor of y and 60.
12
Let f(t) = 13*t**2 + 63*t - 8. Let w be f(-6). What is the highest common factor of w and 11398?
82
Suppose 3*u + k - 489 = 2*u, 2*k = -5*u + 2421. Let s = -14 + 27. What is the greatest common divisor of u and s?
13
Suppose l = 4*l - 0*l. Let p(n) = 12*n - 7*n - 4*n - 3 + l*n. Let q be p(7). Calculate the greatest common divisor of 36 and q.
4
Suppose 3*b + 4*u + 2148 = 3883, -1190 = -2*b + 4*u. Calculate the greatest common factor of b and 1287.
117
Let x = 103 - 99. Let t = 232 - 188. Calculate the greatest common divisor of x and t.
4
Let v be 1*1*9 + (-30 - -26). Suppose 0 = h + v*r - 90, 3*h + 2*r + 125 = 4*h. What is the highest common divisor of 5 and h?
5
Suppose 5*x - 459*x + 597918 = 0. What is the greatest common divisor of 3 and x?
3
Suppose 4*n + 2*c - 8 = 0, 0*n - 4*c - 23 = -5*n. Suppose n*f + 128 = 14. Let p = -27 - f. What is the greatest common divisor of 33 and p?
11
Suppose 14*w + 25*w - 19*w - 1120 = 0. Let z be (-9)/(-2 + 25/14). Calculate the highest common factor of z and w.
14
Suppose -4*s + 4264 = 3*v, 5*s + 1588 = -3*v + 5847. What is the greatest common factor of 918 and v?
102
Suppose 0 = 18*i - 275 + 113. Calculate the highest common divisor of 1629 and i.
9
Let q(x) = 6*x**3 - 7*x**2 + 12*x. Let l be q(6). Calculate the greatest common factor of 36 and l.
36
Let j be -1 - -1 - 1*-19. Suppose 29 + j = 2*i. Suppose 0 = 60*r - 66*r + 36. Calculate the highest common factor of i and r.
6
Let x(h) = 172*h - 3. Let y be x(-2). Let u = y + 373. Calculate the highest common factor of u and 234.
26
Suppose 4*t + 909 = 5*u, 204*u + 571 = 207*u + 4*t. What is the greatest common factor of u and 111?
37
Let l = 2198 - 2081. What is the greatest common divisor of 3783 and l?
39
Suppose 43 = 4*g + 15. Let x = -95 + 144. Calculate the greatest common factor of g and x.
7
Let u(a) = 79*a + 2627. Let r be u(-27). What is the greatest common factor of 832 and r?
26
Let g(p) = -9 - 7*p + 6 - 7 + 6*p. Let f be g(-14). Suppose l - 5*y = f, -3*y + 4 = l - 0. What is the greatest common divisor of 52 and l?
4
Let o = -37 - -15. Let m = 45 + o. Suppose 5*s - 609 - 303 = 4*l, 178 = s - 3*l. What is the highest common factor of m and s?
23
Suppose 2535*g = 2531*g + 1824. What is the greatest common factor of g and 342?
114
Suppose -2*t = -3*j + 2, -3*j - 2*j = -2*t - 6. Let u(n) = -n**2 + 1 + 2*n**j + n - 3 + 4. Let f be u(5). What is the greatest common factor of f and 80?
16
Let z be (-8)/4 - (0 - 0) - (-151 - -23). What is the highest common divisor of z and 4431?
21
Suppose -w - 5*w - 90 = 0. Let k be (-3 - 0 - w)*1*-1. Let t be (-8)/k*(1 - (-50)/4). What is the highest common divisor of t and 1?
1
Let k = -189 - -199. Suppose 76 = 12*n - k*n + 2*w, -4*n + 5*w = -125. Calculate the highest common factor of n and 7.
7
Suppose 10*c - 218 = 1282. Suppose 4*q + 83 = 5*v, q - 7 = -v - 3*q. What is the highest common factor of v and c?
15
Suppose 0 = -23*o + 6845 + 2171. What is the greatest common factor of o and 833?
49
Suppose 59*j - 3*s + 327 = 62*j, 5*j + 2*s - 569 = 0. Let x = -46 + 64. Calculate the greatest common factor of x and j.
9
Let r(p) be the first derivative of p**3/3 + 23*p**2/2 - 154*p + 205. Let w be r(7). Calculate the greatest common divisor of 14 and w.
14
Suppose 5*q + 2*b = 38, -2*q + 12 = 4*b + 16. What is the highest common factor of q and 3385?
5
Let d = -1 + 15. Suppose -d*n = -12*n - 86. Let y be 169 + (-4 - (-9 + 2)). Calculate the greatest common factor of y and n.
43
Suppose -17*v - 131389 = -13*q - 14*v, -50557 = -5*q + 4*v. Calculate the highest common factor of q and 940.
235
Suppose 6*s = s + 26*s - 189. Calculate the highest common factor of s and 9.
9
Let j = 295 + -127. Suppose 0 = 72*g - 75*g + j. Let o(a) = 6*a + 20. Let d be o(-1). What is the greatest common divisor of d and g?
14
Let t be (8/(-24))/(-2*(-2)/(-720)). Calculate the greatest common factor of t and 92.
4
Suppose s = -6*i + 619, -77*i + 3270 = 5*s - 82*i. What is the highest common divisor of s and 177?
59
Let b = -242 - -242. Suppose -4*x + 4232 = 4*c, c - 2114 = -2*x - b*x. What is the highest common divisor of x and 66?
66
Let n be 92/1334 - 1419/(-29). What is the highest common divisor of 2520 and n?
7
Let x(k) = k**2 + 16*k - 15. Suppose -2*b + 4*n - 54 = 0, 17*n = 4*b + 16*n + 80. Let f be x(b). Calculate the highest common factor of 28 and f.
14
Let x = 680 + -674. Let q be (-3)/(-1) - (-8 + 6). Suppose -h + 2*h - 9 = q*m, -4*h + 3*m + 87 = 0. What is the highest common divisor of h and x?
6
Let n = -37 - 55. Let r = -89 - n. Calculate the greatest common factor of r and 12.
3
Let u(v) = -v**3 - 2*v**2 + 121*v + 25. Let p be u(10). What is the highest common factor of p and 5?
5
Let m be -6 + (2 + 0 - -1219). What is the highest common divisor of m and 60?
15
Let m = 94 + -62. Let p(f) = -2*f + 18. Let a be p(10). Let r be (-60)/(-90)*-2*3/a. Calculate the highest common divisor of r and m.
2
Suppose b + 3*c = 23, 6 - 11 = c. Let m be 2/3 + 283/3. What is the highest common factor of b and m?
19
Let u(g) = 90*g + 2925. Let q be u(24). Calculate the greatest common divisor of 60 and q.
15
Suppose 80*k - 821 = -101. Calculate the greatest common factor of 149 and k.
1
Let j be ((-473)/129 - 2/(-3)) + -5 - -63. Calculate the highest common divisor of 11770 and j.
55
Suppose 5*f - 853 = -2*y, 11*y - 10*y = 2*f - 334. Suppose -4*i - f = 3*a - 2738, -4*a - 20 = 0. What is the greatest common factor of i and 17?
17
Suppose 186*t + 70 = 3046. Calculate the highest common factor of t and 368.
16
Suppose p + 3*p + 1423 = -3*f, 5*f - p = -2364. Let z = 805 + f. Calculate the highest common divisor of z and 249.
83
Let d = 271 + -236. Calculate the highest common factor of 1890 and d.
35
Let i(h) = -5*h**2 + 33*h - 79. Let b(n) = -n**2 + n + 1. Let t(f) = 4*b(f) - i(f). Let l be t(26). What is the greatest common divisor of 20 and l?
5
Suppose 0*z = 20*z - 220. Suppose z*g - 4*g = 826. Let b = 124 - g. What is the highest common factor of b and 18?
6
Let d = 198 + -124. Let c(h) = -h**2 - 56*h + 168. Let s be c(-57). Calculate the greatest common factor of d and s.
37
Let o = -3111 + 3112. What is the greatest common divisor of o and 47?
1
Let n(s) = -s**2 - 9*s - 5. Let g be n(-5). Let f be -1 + -5 + 2 + (176 - 1). Let u = f - 6. What is the greatest common divisor of g and u?
15
Let j(p) = -p**3 - 23*p**2 - 3*p - 48. Let v be j(-23). Suppose -v*f + 1976 = -17*f. Calculate the greatest common divisor of 26 and f.
26
Let t(n) = -49*n + 372. Let r be t(6). Let l be (20/3)/(r/2925). Suppose 0*o - 2*o + 50 = 0. What is the greatest common divisor of o and l?
25
Suppose 3592 = 62*x - 58*x + 2*c, 0 = -4*x + c + 3604. Calculate the highest common factor of x and 144.
36
Suppose 0 = 2*k - 2*x + 3*x - 38, 3*k - 52 = -4*x. What is the greatest common factor of 1580 and k?
20
Let g(r) be the second derivative of -r**5/20 - 3*r**4/4 + 8*r**3 + 6*r**2 - 2*r + 22. Let l be g(-13). What is the greatest common divisor of l and 4?
4
Let w(z) = 12*z - 161. Let o be w(-39). Let k = -549 - o. What is the greatest common factor of k and 10?
10
Let f(a) = 18*a + 37. Let o be f(38). Suppose -9*u = -o - 611. Calculate the greatest common divisor of 4 and u.
4
Suppose 4*q = 57 - 5. Suppose -4099 = -5*z - 524. Calculate the highest common divisor of q and z.
13
Let f = 53 - 45. Let i = 12 - f. Let b be (312/(-20) + i)*-5. What is the greatest common divisor of b and 174?
58
Let f be ((-5828)/752)/((-2)/40). What is the greatest common factor of f and 9145?
155
Suppose -f - 